te c(3).
-27
Let r(t) = 7*t**3 - 316*t**2 + 44*t + 32. Determine r(45).
-13
Let x(s) = 153*s - 3603. What is x(24)?
69
Let k(q) = -191*q + 470. Calculate k(3).
-103
Let w(g) = -g**3 + 2*g**2 + 25. What is w(4)?
-7
Let v(t) = -9*t**2 - 730*t - 728. What is v(-1)?
-7
Let b(a) = a**3 + 40*a**2 - 58*a - 2312. Give b(-40).
8
Let j(v) = 30*v + 714. Give j(-19).
144
Let i(j) = j**3 + 46*j**2 - 52*j - 246. Determine i(-47).
-11
Let f(d) = -d**3 + 18*d**2 + 105*d - 1898. Determine f(18).
-8
Let t(x) = 4*x**2 + 45*x - 17. Calculate t(-12).
19
Let j(r) = r**2 - 150*r + 3457. Calculate j(29).
-52
Let x(q) = 4*q**2 + 41*q + 25. Give x(-11).
58
Let i(k) = -k**3 - 38*k**2 - 105*k + 102. Calculate i(-35).
102
Let c(m) = 7*m**2 - 65*m - 304. Calculate c(-5).
196
Let t(z) = -242*z + 436. Give t(3).
-290
Let v(b) = -b**2 + 9*b + 1029. What is v(37)?
-7
Let b(u) = -u**2 + 9*u + 585. Determine b(29).
5
Let h(u) = -651*u + 18214. Calculate h(28).
-14
Let y(g) = -4*g**3 + 35*g**2 - 23*g - 37. What is y(10)?
-767
Let d(q) = 11*q + 181. What is d(-16)?
5
Let w(v) = -86*v + 13. Determine w(1).
-73
Let w(m) = m**2 + 11*m - 441. Determine w(12).
-165
Let j(z) = -13*z + 1. Give j(-1).
14
Let a(v) = -13*v**2 - 40*v - 27. Give a(-5).
-152
Let y(i) = 798*i - 775. What is y(1)?
23
Let q(z) = -z**2 + 21*z - 208. Determine q(16).
-128
Let d(u) = -u**3 + 22*u**2 + 32*u + 22. Determine d(23).
229
Let u(g) = -g**3 - 49*g**2 - 137*g + 16. Calculate u(-46).
-30
Let p(k) = k**3 - 3*k**2 + 6*k - 84. Determine p(5).
-4
Let s(w) = -2*w**2 - 82*w - 363. What is s(-36)?
-3
Let w(d) = 448*d + 3602. Calculate w(-8).
18
Let a(u) = -42*u - 246. What is a(-6)?
6
Let o(p) = 32*p - 792. What is o(20)?
-152
Let x(y) = 2*y**3 + 19*y**2 - 9*y + 28. Give x(-10).
18
Let x(t) = t**2 - 45*t + 79. Determine x(2).
-7
Let n(t) = -328*t - 15. Determine n(0).
-15
Let k(y) = -3*y**2 + 37*y + 1631. Give k(-18).
-7
Let f(j) = j**2 + 29*j - 209. Determine f(-29).
-209
Let q(z) = -3*z**2 - 122*z - 523. Calculate q(-36).
-19
Let c(s) = 27*s**2 + 698*s - 103. Determine c(-26).
1
Let k(a) = -168*a + 11. What is k(0)?
11
Let q(z) = -2*z**3 + 27*z**2 + 296*z + 10. Give q(-7).
-53
Let v(p) = p**2 - 39*p + 58. Determine v(35).
-82
Let h(a) = -1092*a - 37139. Determine h(-34).
-11
Let n(h) = 2*h**3 - 25*h**2 - 22*h + 115. Determine n(13).
-2
Let i(k) = 22*k**3 - k**2 + 3*k + 1. What is i(-2)?
-185
Let k(h) = h**3 + 16*h**2 + 35*h - 1009. Give k(6).
-7
Let w(z) = -z**3 + 11*z**2 + 86*z + 98. What is w(-4)?
-6
Let i(s) = 2*s**3 - 21*s**2 + 54*s + 10. Determine i(6).
10
Let k(z) = -z**2 + 67*z - 1399. Calculate k(37).
-289
Let s(p) = p**3 - 81*p**2 - 88*p + 494. Give s(82).
2
Let z(u) = 2*u**2 - 2995*u + 11966. What is z(4)?
18
Let q(k) = -k**3 - 18*k**2 - 28*k + 29. Give q(-16).
-35
Let v(j) = j**3 - 2*j**2 + 54*j - 236. What is v(4)?
12
Let x(l) = -1738*l - 90370. Determine x(-52).
6
Let g(r) = r**3 - 14*r**2 - 144*r + 24. What is g(-7)?
3
Let u(b) = 8*b**2 - 24*b + 23. Determine u(3).
23
Let q(v) = 651*v + 14336. Calculate q(-22).
14
Let h(d) = 2*d**3 - 24*d**2 + 3*d - 28. Give h(12).
8
Let p(r) = 4*r**2 - 260*r + 371. What is p(66)?
635
Let z(n) = 57*n - 8898. Determine z(156).
-6
Let p(x) = -x**2 - 26*x + 755. What is p(18)?
-37
Let l(c) = 3*c + 297. Give l(-58).
123
Let r(l) = 2*l**2 - 68*l + 6. What is r(37)?
228
Let r(b) = -7*b - 132. Determine r(-27).
57
Let m(n) = 66*n + 502. Determine m(-8).
-26
Let f(k) = -k**3 + 31*k**2 - 52*k - 164. Calculate f(29).
10
Let j(o) = 32*o**2 + 3426*o + 197. What is j(-107)?
-17
Let c(b) = -4*b**3 + 8*b**2 + 28*b + 9. Give c(-2).
17
Let v(r) = -r**2 + 23*r - 119. Calculate v(16).
-7
Let t(w) = -250*w - 15980. Determine t(-64).
20
Let s(g) = 49*g - 2153. What is s(44)?
3
Let l(r) = -r**3 + 24*r**2 - r - 77. Give l(24).
-101
Let y(i) = 3*i**3 - 7*i**2 + 11*i - 5. Give y(3).
46
Let l(r) = -269*r**2 - 3223*r + 40. What is l(-12)?
-20
Let w(q) = 3*q**3 - q**2 - 11. Determine w(3).
61
Let x(b) = 13*b - 523. What is x(37)?
-42
Let c(s) = -100*s - 7495. Calculate c(-75).
5
Let j(n) = 6846*n + 116351. Determine j(-17).
-31
Let a(d) = -d**3 + 21*d**2 - 9*d + 156. What is a(21)?
-33
Let q(c) = c**2 - 9*c + 65. Determine q(7).
51
Let r(w) = w**2 + 42*w + 122. Calculate r(-18).
-310
Let w(u) = 11*u**3 + 1230*u**2 - 227*u - 341. Give w(-112).
-5
Let l(o) = -o**2 + 69*o - 921. What is l(51)?
-3
Let r(h) = -330*h - 1310. Calculate r(-4).
10
Let r(x) = 2*x**2 + 43*x - 64. What is r(-26)?
170
Let r(f) = -f**3 + 91*f**2 - 179*f + 96. Calculate r(89).
7
Let s(j) = -149*j - 16. Determine s(0).
-16
Let d(l) = l**2 + 215*l - 18191. Give d(-280).
9
Let q(c) = 32*c + 1470. Determine q(-54).
-258
Let b(n) = 1537*n + 4575. Calculate b(-3).
-36
Let z(w) = w**3 + 15*w**2 + 52*w + 14. What is z(-11)?
-74
Let r(f) = -f**3 - 75*f**2 - 147*f - 69. Calculate r(-73).
4
Let y(d) = -192*d + 749. Calculate y(4).
-19
Let t(d) = -59*d**2 + 399*d + 96. Determine t(7).
-2
Let u(p) = -p**3 - 53*p**2 + 6*p + 351. Give u(-53).
33
Let u(k) = k**3 + 31*k**2 + 31*k - 2. Calculate u(-30).
-32
Let i(r) = -r**2 + 340*r - 25978. Determine i(224).
6
Let f(h) = 124*h - 13. Calculate f(-1).
-137
Let a(w) = -w**3 - 49*w**2 - 67*w + 1207. Give a(-47).
-62
Let r(m) = 6*m**2 - 2*m - 74. Give r(4).
14
Let w(c) = 50*c + 26. Give w(-1).
-24
Let g(s) = -2*s**2 - 17*s + 113. What is g(5)?
-22
Let s(u) = -134*u - 665. Give s(-5).
5
Let d(n) = 135*n - 2833. What is d(21)?
2
Let s(k) = -13*k**3 + 34*k**2 - 3*k - 2. Give s(3).
-56
Let s(l) = 47*l + 30. What is s(-1)?
-17
Let h(t) = -4*t**3 + 146*t**2 - 209*t + 4. Determine h(35).
39
Let w(n) = 86*n - 1715. Calculate w(20).
5
Let r(p) = -768*p + 22283. What is r(29)?
11
Let b(c) = 52*c - 589. What is b(29)?
919
Let w(d) = d**3 + 22*d**2 - 27*d - 96. Calculate w(-23).
-4
Let d(k) = -11*k**2 + 54*k - 10. What is d(5)?
-15
Let s(v) = -36*v**2 + 2078*v + 569. Calculate s(58).
-11
Let g(w) = 4*w**3 + 41*w**2 - 12*w + 24. What is g(-10)?
244
Let z(j) = j**2 + 9*j + 3. Determine z(-6).
-15
Let z(j) = -3*j**3 + 44*j**2 - 185*j + 2304. Calculate z(14).
106
Let u(m) = -2*m**3 - 79*m**2 + 1704*m - 28. Determine u(-55).
27
Let k(a) = 33*a**3 - 8*a**2 - 2*a - 16. Determine k(3).
797
Let x(g) = -64*g + 1380. Determine x(22).
-28
Let i(u) = 2*u**2 + 33*u - 1463. Give i(20).
-3
Let r(q) = -2*q**3 - 25*q**2 + 41*q + 2. Calculate r(-14).
16
Let l(m) = m**3 - 11*m**2 - 25*m + 345. Calculate l(7).
-26
Let x(f) = 17*f - 45. Determine x(-9).
-198
Let p(o) = o**3 + 43*o**2 - 120*o + 824. Determine p(-46).
-4
Let c(z) = -22*z + 695. What is c(33)?
-31
Let d(l) = -l**3 - 22*l**2 + l - 69. Calculate d(-22).
-91
Let g(a) = -a**3 + a**2 + 341*a + 8. What is g(0)?
8
Let x(n) = -17*n**2 + 42*n + 214. Calculate x(5).
-1
Let j(f) = 99*f - 259. What is j(6)?
335
Let l(o) = 125*o + 816. Determine l(-7).
-59
Let s(f) = -4*f**2 + 88*f - 214. What is s(19)?
14
Let s(r) = -r**2 + 24*r + 11527. What is s(120)?
7
Let v(z) = 242*z + 731. Give v(-3).
5
Let c(a) = -432*a - 27. Give c(0).
-27
Let w(u) = -2*u**3 + 118*u**2 - 13*u + 728. Give w(59).
-39
Let l(s) = 16*s**2 - 398*s - 56. What is l(25)?
-6
Let j(o) = -o**3 - 22*o**2 - 3*o + 57. Calculate j(-22).
123
Let r(w) = -w**3 + 46*w**2 + 93*w - 25. Calculate r(48).
-169
Let v(k) = k**3 + 45*k**2 - 36*k + 460. Calculate v(-46).
0
Let p(x) = x**3 + 3*x**2 - 46*x - 190. Give p(-5).
-10
Let n(h) = -9*h**2 + 11*h - 187. Give n(-6).
-577
Let x(t) = t**3 - 74*t**2 - 1026*t - 528. What is x(86)?
-12
Let b(t) = t**2 + 22*t + 427. Determine b(-17).
342
Let w(k) = 5*k - 181. Calculate w(26).
-51
Let u(f) = f**2 + 1347*f - 6743. Give u(5).
17
Let m(q) = -3*q**3 - 11*q**2 + q + 5. Determine m(-4).
17
Let b(y) = -y**3 + 31*y**2 - 28*y - 63. What is b(30)?
-3
Let a(s) = 215*s - 1311. Give a(6).
-21
Let l(z) = -15*z + 359. Calculate l(7).
254
Let s(q) = 3*q**2 - 223*q + 318. Calculate s(73).
26
Let l(p) = p**3 + 35*p**2 + 114*p - 174. Calculate l(-31).
136
Let m(q) = -q**3 - 18*q**2 - 12*q + 65. Calculate m(-17).
-20
Let f(m) = -32*m - 192. What is f(-6)?
0
Let j(n) = -2*n**2 + 31*n + 125. What is j(-5)?
-80
Let v(t) = -2*t**2 - 84*t + 370. Calculate v(5).
-100
Let m(z) = -3*z**2 - 16*z + 11. What is m(-4)?
27
Let x(k) = -k**3 - 7*k**2 - 7*k - 16. What is x(-3)?
-31
Let l(p) = p**2 - 6*p - 242. Give 